Let p be o(-1). Suppose 303 = 44*l - 1589. Suppose -5*v - l = -p. What are the prime factors of v?
37
Let o(n) = 4*n**2 + 22*n + 184. List the prime factors of o(-17).
2, 3, 7, 23
Suppose 2*z + 0*h - 1232 = 4*h, 3*z - 1818 = -4*h. List the prime factors of z.
2, 5, 61
Let g = 439 + -185. What are the prime factors of g?
2, 127
Suppose -d + 2*s + 321 = 0, 2*s - 5*s = 4*d - 1229. List the prime factors of d.
311
Let x(c) = c**3 - 13*c**2 + 5*c + 13. Let y be x(13). Let t(s) = 322*s**2. Let k be t(-1). Suppose k - y = 4*n. List the prime factors of n.
61
Let f be (234/65)/(3/310). Suppose 5*z = -3*i + f, 292 = 4*z - 0*i + i. What are the prime factors of z?
2, 3
Suppose 20 = v + 4. Let y = 20 - v. Suppose 5*s + 168 = y*g - 0*s, 0 = 3*g - 3*s - 126. What are the prime factors of g?
2, 3, 7
Suppose 0 = -5*h - 2*p + 16180, -5*h + 2*p + 5347 = -10813. What are the prime factors of h?
2, 3, 7, 11
Suppose 0*r = -2*r + 8, -3*p + 5*r + 2758 = 0. List the prime factors of p.
2, 463
Let z = -9 - -13. Let l = 92 + -72. Suppose -5*a - l = z*w - 145, 4*a = 4*w - 116. List the prime factors of w.
2, 3, 5
Let w(v) = 7*v**3 + 16*v**2 - 40*v - 49. Let r(q) = 6*q**3 + 17*q**2 - 40*q - 49. Let f(t) = -6*r(t) + 5*w(t). List the prime factors of f(-24).
241
Suppose -6*m + 4*m = -12. List the prime factors of (-28 + m)/((-2)/7).
7, 11
Suppose 6 = -0*f - f. Let u(b) = -b**3 + 2*b**2 + 14*b - 4. Let l be u(f). Suppose 0 = 4*h + h - l. What are the prime factors of h?
2, 5
Let l(c) = 4*c**2 + 8*c + 11. Let w(r) = 7*r**2 + 14*r + 21. Let g(b) = -5*l(b) + 3*w(b). List the prime factors of g(-11).
107
Let f = 571 - 85. What are the prime factors of f?
2, 3
Let s be 4/(-10)*200/20. Let o(f) = -f**3 - f**2 - 4*f + 6. List the prime factors of o(s).
2, 5, 7
Suppose -2*k - 42 = -4*g, 5*g - g - 41 = k. Let o be (-7)/(-1)*-2 + -1. Let j = g - o. List the prime factors of j.
5
Let h(m) = -2*m**3 - 6*m**2 + m**3 - m + 0*m - 5 + 5*m. Let i be h(-7). List the prime factors of (-8)/i + (-146)/(-4).
2, 3
Let s be (673 + 2)/(-5)*-1. List the prime factors of (s/5)/((-2)/(-14)).
3, 7
Suppose 0 = -v + 1 + 4. Suppose -v*j + 5 = 0, -l - 3*j + j = -37. What are the prime factors of l?
5, 7
Suppose -5*l + 0*l + 10455 = 0. What are the prime factors of l?
3, 17, 41
Suppose -j - j = 2*j. Suppose 3*t + j*t = 252. What are the prime factors of t?
2, 3, 7
Suppose -5*a + 1035 = 5*d, -10*d + 5 = -11*d. List the prime factors of a.
2, 53
Let y(p) = -39*p + 128*p + 7 - 17*p. What are the prime factors of y(1)?
79
Let r be -4 + 6 + 254 + 0. Let s = -141 + r. List the prime factors of s.
5, 23
Let f(s) = -s**3 - 18*s**2 + 2*s + 40. Let w be f(-18). List the prime factors of 17130/54 - w/18.
317
Suppose 3*s - 5*n = 31, -5*s + 2*n + 14 = -6. Let l(c) = c**2 - c - 3. Let g be l(3). Suppose -5*d - 3*a + 72 = -g*d, 0 = s*a - 4. List the prime factors of d.
3, 11
Let s(h) = -5*h**3 + h**2 - 28*h - 97. What are the prime factors of s(-6)?
1187
What are the prime factors of 4/(-6) + (-487193)/(-237)?
3, 5, 137
Let y(f) = -24 - 32 - 14*f + 27. What are the prime factors of y(-13)?
3, 17
Let k = -27 - -34. Suppose 5*r - 3 = k. Suppose 2*a - 2 = 3*f - 1, 0 = r*f - 5*a + 19. List the prime factors of f.
3
Suppose 4*c = -0*c. Let l(x) = -1 + 8*x + c + 0*x. What are the prime factors of l(2)?
3, 5
Let c = 66 + -64. Suppose -c*m + 376 = 6*m. List the prime factors of m.
47
Let d(x) = -x**3 - 10*x**2 - 33*x - 5. List the prime factors of d(-15).
5, 17, 19
Suppose -2*x = 3*k + 8, -5*k - 3*x + 4 = 16. Suppose k = t - 5*t - 272. Let b = 101 + t. List the prime factors of b.
3, 11
Suppose -5*l + 2*y - 4*y + 1342 = 0, y = -4. What are the prime factors of 132/55*l/4?
2, 3
Let u be (3 - 3) + -4 - -9. Suppose -20 = -u*l + 10. Suppose -54 = -l*i + 18. What are the prime factors of i?
2, 3
Suppose -2*h - 1438 = -44*q + 42*q, -3*h - 2872 = -4*q. List the prime factors of q.
5, 11, 13
Let u(m) be the third derivative of m**6/120 + 13*m**5/60 + 11*m**4/24 - 4*m**3/3 - m**2. Let r = -7 + -5. What are the prime factors of u(r)?
2
Let s(l) = 6*l**2 - 1. Let h be s(1). Suppose 0 = h*n + u - 1290, 0*u + 781 = 3*n + 2*u. What are the prime factors of n?
257
Let m(w) = -4*w**3 - 3*w**2 + 15*w + 23. What are the prime factors of m(-6)?
13, 53
Suppose 3 + 15 = -2*g. What are the prime factors of 118/2 - (11 + g)?
3, 19
Suppose -1133*t - 33084 = -1142*t. List the prime factors of t.
2, 919
List the prime factors of 7*(-63)/18*(-3 - -1).
7
Suppose -h + 59 = 13. Let k = -17 - h. What are the prime factors of (k/(-6))/((-3)/(-8))?
2, 7
Let z be (-2)/(-9) - 920/90. Let a = 20 - z. What are the prime factors of a?
2, 3, 5
Let d = 478 - 434. List the prime factors of d.
2, 11
List the prime factors of (6 + 45/5)*(-342)/(-10).
3, 19
Let p(d) = -3*d + 7. Let g be p(3). Let v be ((-4)/(-1) + -10)/g. List the prime factors of (-2)/3 - (-86)/v.
2, 7
Suppose -5*n + 7*n = -28. Let a(z) = -10*z + 2. Let h be a(n). Suppose 4*d - h = -22. What are the prime factors of d?
2, 3, 5
Let w(l) = 4*l + 6. Let k(h) = -h - 1. Let x(b) = -5*k(b) - w(b). Let p(a) = 11. Let r(d) = -p(d) - 4*x(d). What are the prime factors of r(-6)?
17
Let o = 3606 + -925. What are the prime factors of o?
7, 383
Let q(p) = 111*p**2 + 38*p - 3. List the prime factors of q(4).
5, 7, 11
Suppose -j + 12 - 104 = 3*z, 2*z + 38 = 4*j. Let h = 96 + z. List the prime factors of h.
67
Suppose -7 + 17 = -2*h, -5*h = o + 71. Let c = 69 + o. List the prime factors of c.
23
Suppose 0 = 5*q - 2*u - 4, 2*u - 8 = 2*q - 2*u. Suppose 21 = 2*w + 3*p, 0 = q*w + w + 4*p - 30. What are the prime factors of 3*3 - 12/w?
7
Suppose -2*q + 1094 = -5*x, -3*x + 2*x - 2781 = -5*q. List the prime factors of q.
557
Let x be 0 + (2 - (-1 - 0)). Suppose 0 = -x*v + 23 + 151. Let k = -32 + v. List the prime factors of k.
2, 13
Let j = -395 + 697. Let t = j - 177. What are the prime factors of t?
5
Suppose -4*f - 3*v = -21 - 11, 3*f - 53 = 5*v. Suppose t - f = y - 3, 3*y - t = -16. What are the prime factors of ((-36)/(-16))/(y/(-32))?
2, 3
List the prime factors of ((-9)/(-6))/(24/8336).
521
Let s(z) = 2*z - 1. Let x be s(2). Suppose -t + 192 = x*t. Suppose m + 0*m = t. What are the prime factors of m?
2, 3
Let d = -819 - -2349. Suppose d = 8*h - 3*h. List the prime factors of h.
2, 3, 17
Suppose -l - 4 = 41. List the prime factors of 125/2*(-54)/l.
3, 5
Suppose 3*v + t = 3*t - 71, v = -3*t - 42. Let u be (-1)/(21/90)*-7. List the prime factors of v/(-18)*(u + 0).
3, 5
Let o(x) = x**2 - 5*x. Let f be o(7). Let v be ((-4)/f)/1*-7. Suppose -3*i + 12 = 3*s - v*s, -s = 3. List the prime factors of i.
5
Suppose -5*x = 5, 4*x - 858 - 4214 = -3*h. What are the prime factors of h?
2, 3, 47
Let f be -1*((-24)/28 + 1/(-7)). What are the prime factors of 3 - (-20 + 1) - (1 - f)?
2, 11
Suppose 0 = 25*z - 24*z - 6. Let i = 64 - z. What are the prime factors of i?
2, 29
Let f = 7316 - 4693. List the prime factors of f.
43, 61
Suppose -3*d + 1 = 10, 0 = -2*s + 2*d + 10. Suppose -s*g - 41 = -3*r + 155, -4*r = -g - 258. What are the prime factors of r?
2
What are the prime factors of ((-117)/(-78))/(6/32)?
2
Let z(d) = d**2 - 9*d + 18. Let f be z(6). Suppose 3*o + f*o = 2*v - 75, -2*v + 80 = 2*o. What are the prime factors of v?
3, 13
Let y(j) = -5*j**2 + 13*j + 14. Let k be y(-10). Let n = -337 - k. What are the prime factors of n?
3, 31
Let l(y) = -9*y + 10. Let p be (-18)/(-42) - 78/(-14). Let n be l(p). Let u = n + 84. What are the prime factors of u?
2, 5
Let a = 230 - 150. List the prime factors of a.
2, 5
Let m = 189 - 29. Suppose -2*n - 5*b = -0*n - 28, -5*b = 3*n - 32. Suppose 0*c - 5*r + m = 5*c, n*c = 2*r + 152. List the prime factors of c.
2, 3
What are the prime factors of (6 - -2590)*3/12?
11, 59
Let z(l) be the third derivative of l**4/24 - 2*l**3 - 19*l**2. List the prime factors of z(15).
3
Let r(j) = -j**2 - 6*j + 3. Let s be r(4). Let l(b) = 64*b - 243. Let w be l(4). Let k = w - s. List the prime factors of k.
2, 5
Let y(o) = o**2 - 46*o + 363. Let w be y(10). Let j = 6 + -1. Suppose j = c, -5*c = -w*v - 0*c + 41. What are the prime factors of v?
2, 11
Let w(r) = 721*r + 147. List the prime factors of w(3).
2, 3, 5, 7, 11
Let i = -41 + 47. Let m(a) = 5*a**2 + 5*a - 4. Let x be m(4). Suppose 0 = -3*v + i*v - x. Li